and o.
1
Suppose -5*c - 4 = 6. Let k = c + 2. Let s = k - -9. Calculate the greatest common divisor of 18 and s.
9
Let k be (-2)/(-6) - (-10)/6. Suppose g - 68 = k*n - n, g + 5*n = 50. Let d be 87/6 - 6/4. What is the greatest common factor of g and d?
13
Suppose -60 = -3*a + 5*a. Let v be (-1362)/a - 2/5. Calculate the highest common divisor of 5 and v.
5
Suppose 2*h + 10 = 3*w, -25 = 2*w - 4*w + 5*h. Suppose n + 19 = -w*n. Let s = 35 + n. Calculate the highest common divisor of s and 4.
4
Suppose -2*c - 2 = -3*o - 6, o - 17 = -3*c. Suppose 10 = c*m - 0. Suppose m*j - 32 = 2*n - n, -n = 2*j - 36. What is the greatest common factor of 119 and j?
17
Let k(f) = -2*f - 10. Let c be k(-6). Let z(a) = -3*a - 3. Let p be z(-3). Calculate the highest common factor of p and c.
2
Suppose -3*u = -6*u - 3*w + 42, 0 = -u - 5*w - 2. Let n = u - -33. Calculate the greatest common factor of 34 and n.
17
Suppose -5*z + 197 = -0*f + 2*f, 173 = 2*f - 3*z. Let l(u) = -u**3 - u**2 + 2*u - 27. Let o be l(-4). What is the highest common divisor of f and o?
13
Suppose -5*v + 9*v - 432 = 0. Calculate the greatest common factor of 12 and v.
12
Suppose 5*m + 3*r - 36 = 0, -r = r + 6. Let k = -5 + m. Suppose 6*f - 26 = 22. Calculate the highest common factor of f and k.
4
Suppose -r + 3 = -9. Let x(v) = -v**2 - 22*v + 3. Let g be x(-15). What is the highest common divisor of r and g?
12
Let u be (26/3)/(40/(-12) + 4). What is the greatest common factor of u and 65?
13
Let a(f) = 2*f**2 + 3*f - 1. Let x be a(-4). What is the greatest common factor of 19 and x?
19
Let w(l) be the third derivative of -l**4/4 - l**3/2 + l**2. Let y be w(-2). What is the greatest common divisor of y and 1?
1
Suppose 6*r - 34 = 4*r. Let o = 72 - 55. What is the greatest common factor of o and r?
17
Let v = -38 - -65. Let m(p) = p**3 - 5*p**2 - 3*p. Let i be m(6). Suppose 0*a = a - i. Calculate the greatest common divisor of a and v.
9
Suppose 3*y = 3*o + 24, 2*y - 2*o = -5*o - 9. Suppose -y*p + 8*p + 20 = 4*m, 12 = -3*p. Let n = 22 + m. Calculate the greatest common factor of n and 2.
2
Let n be -3*2/(-3)*-6. Let v be n/(-1) + 1*-1. Calculate the highest common factor of v and 55.
11
Suppose 4*q + 0*q = 0. Suppose -2*y + j + 282 = q, -4*j - 160 = 3*y - 605. Suppose g - 3*g = -26. Calculate the greatest common factor of y and g.
13
Let o be (6/(-9))/((-4)/30). Let u be 8/20 + 8/o. Suppose 4*t + u*q + 3 = 5*t, 5*t = -3*q + 54. Calculate the greatest common factor of 63 and t.
9
Let o be 2/6 + 89/3. Let t be (-1)/(1/(-17)) - -3. What is the greatest common factor of t and o?
10
Let z = 18 + -10. Suppose 4*m - z*m + 56 = 0. Let l = 238 + -84. Calculate the highest common factor of l and m.
14
Let w = 111 + -79. Calculate the highest common factor of 32 and w.
32
Let g = 15 - 3. Let t = g - 7. What is the greatest common factor of 5 and t?
5
Suppose 0 = p - 13 - 14. Let r = 97 + 11. Calculate the greatest common factor of r and p.
27
Let h(w) = 9*w**2 - w. Let s be h(-1). Let a = s - 3. Suppose 0 = -2*v - 4, 0*u + 2*v + 172 = 3*u. Calculate the greatest common divisor of a and u.
7
Suppose 150 = -b + 2*b. What is the highest common factor of 60 and b?
30
Let b be ((-8)/(-4))/(9/(-6) - -2). Calculate the highest common divisor of 32 and b.
4
Let u = 122 - 38. Let q = 14 + -2. What is the greatest common divisor of q and u?
12
Let f = -2 + 6. Suppose 9*k + 50 = f*k. Let a = k + 22. Calculate the greatest common divisor of 30 and a.
6
Let u be 23/(-92) - (-25)/4. Calculate the highest common divisor of u and 30.
6
Let w(h) = -3*h + 23. Let k be w(0). Calculate the highest common divisor of 69 and k.
23
Suppose -m - 2*m = -9. Suppose -40 = -5*i - 4*p, -2*p = -1 + 11. What is the greatest common factor of m and i?
3
Suppose 5*x - 84 = -3*k + 27, 2*x - 33 = -5*k. What is the highest common factor of x and 4?
4
Let l = 31 - -77. What is the greatest common divisor of 24 and l?
12
Let j = 35 + -13. What is the greatest common divisor of 33 and j?
11
Let q be ((-112)/24)/(1/(-3)). What is the greatest common divisor of 154 and q?
14
Suppose 2*c - 8 = -0*c. Suppose -c*j - 2 = -38. What is the greatest common factor of 9 and j?
9
Suppose 0 = o - 4, 144 = 5*j - 0*j + o. Calculate the greatest common factor of 224 and j.
28
Suppose 0 = -5*k + 3*v + 23 - 7, 0 = -2*k + 5*v - 5. What is the greatest common divisor of 20 and k?
5
Let s(m) = -m**2 + 28. Suppose -5*v + 0*v + 15 = 0. Suppose -5*o = -10, 2*o - 1 - 3 = v*t. Let p be s(t). Calculate the highest common divisor of p and 7.
7
Let k be -2 + 4 - (2 - 1). Let y = 6 + k. What is the highest common factor of 21 and y?
7
Let v(h) = 2*h**3 + h**2 - 3*h + 3. Let f be v(2). Let p(w) = w + 2. Let k be p(0). Let o be (-44)/k*221/(-26). What is the highest common divisor of f and o?
17
Let q(o) = o**3 + 4*o**2 - 7*o. Let m be q(-5). Let b(c) = c**3 + 9*c**2 - 8*c + 22. Let s be b(-10). What is the highest common factor of m and s?
2
Let f be 1*(-1 - -4) + -1. Let o be (-1 + 1)/(-2) + 2. Suppose n - 5*c + 3 = -4*c, -4*c = o*n - 24. What is the highest common divisor of n and f?
2
Let i be 3/(3*-2)*-2. Suppose i - 2 = j. Let u be j/(-2 - (-237)/120). What is the highest common factor of 16 and u?
8
Let y(u) = u**2 - 13*u - 4. Let s be y(14). Let b = 69 + 41. Calculate the greatest common divisor of s and b.
10
Let z be 3*(-3 + 22/3). What is the highest common divisor of z and 52?
13
Let y = -45 - -51. What is the highest common divisor of 30 and y?
6
Let z(i) = 9*i - 2. Let t be z(3). Suppose 3 - 5 = -2*j. Suppose -y + 4 + j = 0. What is the greatest common divisor of y and t?
5
Let a = 9 + -4. Suppose -2*o = 2*j - 4, -3*o - j = -a*o - 5. Let g = o - -7. What is the highest common divisor of g and 15?
3
Let q = -99 - -146. Suppose j = -k + 11, 5*k + j + 2*j - q = 0. Suppose 2*c = -u + 45, -4*c + 22 = -3*u - 53. Calculate the greatest common factor of k and c.
7
Let m(f) = -f**3 - 2*f**2 + f + 52. Let r be m(0). Calculate the highest common divisor of r and 4.
4
Let u(x) = 11*x - 103. Let b be u(10). Let a = 1 + 0. What is the highest common divisor of a and b?
1
Let n(v) = 3*v**3 - 2*v**2 + 2. Let p be n(2). Let h be (-6)/(-9)*(5 + -2). Calculate the greatest common factor of h and p.
2
Let t be 2 + 0 + 44/2. Calculate the greatest common factor of 24 and t.
24
Suppose 0*m = m + 2*y - 32, m - 29 = y. What is the greatest common factor of 20 and m?
10
Let z(x) = 3*x**2 + 4*x + 3. Let p be z(-2). Let g(u) = 3*u - 8. Let b be g(p). What is the greatest common divisor of 52 and b?
13
Let c(g) = 2*g**2 - 5*g + 4. Let k be c(4). What is the greatest common divisor of k and 112?
16
Let z(y) = -y**2 - y + 77. Let i be z(0). Suppose 4*n + 0*n - 44 = 0. Calculate the highest common factor of i and n.
11
Let u = 24 - -2. Suppose 0 = 4*y + 3*d - 172, -2*y + 76 - 12 = -4*d. Suppose -25 = -g + y. What is the highest common divisor of u and g?
13
Suppose -31 = 4*o + 1. Let k(s) = -s + 3. Let a be k(o). Let f = a + 16. What is the highest common factor of f and 3?
3
Suppose -9*n + 48 = -5*n. Calculate the greatest common divisor of n and 132.
12
Let u be (0 - -1)/((-1)/(-11)). Suppose 7*p - 23 = 3*p + b, -p + 2*b = -u. What is the highest common divisor of p and 55?
5
Suppose -70 = -4*o - 22. What is the highest common factor of 6 and o?
6
Let b(n) = 24*n**2 + n - 1. Let t be b(1). Suppose 7*i - 685 - 827 = 0. Calculate the greatest common factor of t and i.
24
Let d be (3*152)/6 - (0 + -1). Calculate the highest common divisor of d and 11.
11
Suppose r - 7 = -x, -4*x + 9 - 47 = -2*r. What is the highest common factor of 121 and r?
11
Let j(c) = c - 40. Let u be j(0). Let l be (u/(-4))/((-2)/(-14)). Suppose -2*y - 3*y + l = 0. What is the greatest common divisor of y and 7?
7
Let b be -7*(2 - (-80)/(-7)). Suppose 0 = 5*k + b - 241. Suppose -z = 4*g - 5*g + 15, z = 2*g - k. What is the highest common divisor of 5 and g?
5
Suppose 6*o - 27 = 3*o. Let u be (-8)/(-12) - (-75)/o. Calculate the highest common factor of 72 and u.
9
Let a be (139 - 2) + (-1 - 1). Suppose 2*o - a = 85. Suppose -4*q + 3*b + 8 = -23, -3*q + 3*b + 21 = 0. What is the highest common divisor of o and q?
10
Let y be (-66)/(-14) - (-4)/14. Let c be (-215)/10*(0 + -2). Suppose -3*a + 39 = -g, a - y*g + c = 3*a. C